 base 7?
23356250
Convert -98b14a (base 14) to base 3.
-100202002010211
What is 118903b (base 14) in base 3?
120210201212021
-1250055 (base 9) to base 6
-22343122
25816 (base 10) to base 14
95a0
What is -1010111010100100100101 (base 2) in base 13?
-79250a
What is -ac644 (base 14) in base 15?
-83e34
Convert 331322012 (base 4) to base 2.
111101111010000110
181833 (base 9) to base 8
334460
Convert 34454520 (base 7) to base 9.
5615466
What is 16117124 (base 8) in base 7?
43352632
Convert 33330021 (base 4) to base 10.
65289
-13253 (base 12) to base 11
-18813
What is 21023320320 (base 4) in base 2?
1001001011111000111000
Convert -4d05 (base 14) to base 4.
-3103121
What is -9cbb (base 15) in base 12?
-172ab
What is -2bbd61 (base 14) in base 7?
-16004451
Convert 3330230413 (base 5) to base 13.
1678a77
Convert 40201142 (base 5) to base 7.
2465542
Convert -10a07a (base 13) to base 3.
-201222121001
-320444012 (base 5) to base 8
-5100220
-bd74d3 (base 15) to base 6
-521401113
-1867a1 (base 12) to base 15
-86447
10221010200 (base 3) to base 11
5314a
What is -162f91 (base 16) in base 4?
-11202332101
-5122133 (base 6) to base 14
-64d85
What is -4699396 (base 10) in base 4?
-101323110010
What is 63978 (base 14) in base 3?
110020001001
What is -1333420 (base 8) in base 4?
-1123130100
What is -11111101011011001010 (base 2) in base 13?
-2a4622
Convert -334608 (base 15) to base 5.
-1111213413
Convert 410a15 (base 11) to base 13.
1a1599
Convert -16b7b08 (base 12) to base 15.
-633b25
124100122 (base 5) to base 13
185a63
What is 148cb57 (base 13) in base 4?
121003230330
Convert 13110301223 (base 4) to base 15.
27ddc2
Convert 10731 (base 12) to base 13.
9bb6
Convert -6068869 (base 10) to base 16.
-5c9a85
Convert -344802 (base 9) to base 15.
-414c2
What is -4413201 (base 6) in base 7?
-1603441
What is 194852 (base 10) in base 7?
1441040
-495000 (base 10) to base 2
-1111000110110011000
What is 211322201 (base 4) in base 7?
1214522
What is 14310461 (base 7) in base 15?
1b9285
-112021031 (base 4) to base 13
-32390
What is -63882a (base 11) in base 4?
-3321132311
Convert 1ba483 (base 15) to base 14.
2724d9
Convert -10a1a3 (base 14) to base 4.
-2022011203
-d54b56 (base 14) to base 15
-9726a0
Convert -10220201210 (base 3) to base 2.
-10010110100010111
What is 3580936 (base 10) in base 11?
2026457
What is -1a721 (base 16) in base 11?
-74424
What is 1100111100011001011101 (base 2) in base 8?
14743135
251f1 (base 16) to base 11
a4267
Convert -38a2b4 (base 12) to base 11.
-585875
What is 1011010001001100011001 (base 2) in base 9?
5502122
152425 (base 7) to base 13
106a8
Convert 668a24 (base 14) to base 8.
15217450
What is 107214 (base 13) in base 8?
1363723
Convert -2549885 (base 11) to base 5.
-2112414411
Convert 3a11df (base 16) to base 5.
1433240123
-1514435 (base 7) to base 6
-4224115
What is -12b6127 (base 14) in base 8?
-42400747
What is 35310405 (base 6) in base 12?
44b405
308108 (base 9) to base 4
230230130
What is -690e2 (base 16) in base 11?
-274328
Convert -13343005 (base 7) to base 10.
-1237549
a2c818 (base 16) to base 7
156451130
Convert 1421430202 (base 5) to base 14.
6c5155
Convert 82177 (base 10) to base 5.
10112202
Convert -6b2308 (base 12) to base 11.
-a79008
What is 120211200210 (base 3) in base 11?
1a3286
21223331203 (base 4) to base 11
1484952
What is 106465 (base 9) in base 2?
1111100100111110
Convert -675902 (base 10) to base 4.
-2211000332
What is -206a82 (base 12) in base 11?
-318936
3311021 (base 5) to base 8
157263
What is -122021100020 (base 3) in base 10?
-339963
Convert 1010101001100111001 (base 2) to base 3.
122201201101
-7a54cd (base 14) to base 8
-17704035
-6326740 (base 8) to base 12
-691aa8
What is -13400624 (base 7) in base 5?
-304302110
Convert 1055164 (base 8) to base 10.
285300
What is -45720 (base 10) in base 8?
-131230
What is 10101101111100010010110 (base 2) in base 13?
1247431
-52c903 (base 13) to base 3
-10122122012111
10010020 (base 5) to base 16
133a8
110102001021 (base 3) to base 11
157565
110011111111110011011 (base 2) to base 6
100304043
What is 3032131 (base 5) in base 2?
1011111110010001
What is 1103604 (base 7) in base 14?
376ab
Convert -7ac297 (base 14) to base 4.
-33331011231
Convert 206344614 (base 7) to base 4.
232322033232
-6013155 (base 8) to base 9
-2865385
What is 233696 (base 10) in base 7?
1662221
What is 25a42a1 (base 12) in base 9?
14875134
What is -636ae (base 16) in base 13?
-113472
1625bb9 (base 13) to base 7
114362451
What is 197650 (base 10) in base 4?
300100102
Convert -1936639 (base 10) to base 12.
-7948a7
What is -65615133 (base 7) in base 9?
-11537113
Convert -114432 (base 9) to base 2.
-10000110100001111
What is -1501240 (base 7) in base 4?
-301112221
3789b (base 14) to base 9
226700
What is 1110010100100 (base 2) in base 11?
5566
What is 61844 (base 14) in base 15?
498cd
c1ab71 (base 13) to base 5
2123223443
Convert -147987 (base 10) to base 13.
-52488
Convert -14413300 (base 7) to base 9.
-2510314
What is 263819 (base 13) in base 9?
1654562
What is 2030404440 (base 5) in base 11?
2387852
-50691 (base 11) to base 13
-27909
What is -33e7c5 (base 15) in base 4?
-21131032202
15433334 (base 6) to base 10
548986
What is 745814 (base 9) in base 5?
103201033
747d7a (base 16) to base 9
15325253
-64486 (base 11) to base 10
-93748
Convert 1241130 (base 7) to base 6.
3242400
Convert 110a0 (base 12) to base 10.
22584
44a545 (base 14) to base 13
639146
25213 (base 6) to base 5
110003
-581bb (base 15) to base 13
-9a8bc
Convert -630888 (base 9) to base 12.
-160a15
-1152555 (base 6) to base 12
-2b75b
What is 11100110110111111 (base 2) in base 6?
2311131
Convert -844204 (base 9) to base 4.
-1322133112
50117446 (base 8) to base 12
3637886
Convert -e1c92 (base 15) to base 6.
-23154002
What is 3472b58 (base 13) in base 14?
220d764
20123232 (base 5) to base 11
100015
What is 1274010 (base 11) in base 9?
4124774
Convert -10101110101001000101000 (base 2) to base 9.
-11682015
Convert -19e53a (base 15) to base 14.
-24c610
What is -1011110100110010010 (base 2) in base 10?
-387474
Convert -111011100011000010 (base 2) to base 9.
-411516
Convert -5a08b0 (base 12) to base 13.
-3bb362
Convert 30414420 (base 5) to base 7.
2052232
What is 24014324 (base 5) in base 2?
110101101100111100
Convert 200434040 (base 5) to base 13.
21b4bc
3141121 (base 5) to base 8
146665
What is -34259 (base 12) in base 11?
-48221
Convert -3004627 (base 8) to base 13.
-2180c8
Convert 126a775 (base 12) to base 7.
42552500
-1e63e (base 16) to base 11
-85582
100101001010001100011001 (base 2) to base 7
145540440
-750823 (base 9) to base 12
-1966a9
What is 1fde9 (base 16) in base 13?
47554
-4414203130 (base 5) to base 9
-18823112
What is 1506a25 (base 12) in base 2?
10000001011101000111101
Convert 962079 (base 10) to base 2.
11101010111000011111
-1011212222021 (base 3) to base 15
-c5e84
What is -122324241 (base 5) in base 9?
-1087351
Convert -2873 (base 10) to base 15.
-cb8
Convert -2321102313 (base 4) to base 5.
-143241332
What is -12233443 (base 5) in base 2?
-11100110011101110
Convert -181060 (base 10) to base 4.
-230031010
What is -33156144 (base 8) in base 13?
-162a3ac
What is -19527 (base 15) in base 12?
-3b66a
Convert -650145 (base 7) to base 12.
-55429
What is 3231035 (base 7) in base 5?
100103013
What is -767592 (base 13) in base 14?
-527824
What is -1002101111022 (base 3) in base 10?
-578456
-125136 (base 8) to base 2
-1010101001011110
What is -527401 (base 10) in base 7?
-4324420
Convert 1043616 (base 7) to base 15.
28179
10011000010202 (base 3) to base 10
1673156
What is -10220311201 (base 4) in base 13?
-337543
Convert a7811 (base 15) to base 7.
4343056
-111264265 (base 7) to base 12
-231954a
5fa7b (base 16) to base 9
656406
Convert -3bd0b (base 14) to base 15.
-2dcb1
What is 416143 (base 8) in base 12?
68083
Convert 12033202 (base 4) to base 6.
314214
What is 424c44 (base 15) in base 5?
1301430024
-aa8598 (base 16) to base 15
-eab315
-3cc7ee (base 15) to base 5
-1222143144
What is -44131 (base 6) in base 12?
-3647
Convert -2201201211 (base 3) to base 4.
-31013320
Convert 211330 (base 6) to base 15.
5160
Convert -101010111011100 (base 2) to base 8.
-52734
110113 (base 4) to base 7
3541
What is -15030202 (base 6) in base 9?
-867382
211120221 (base 